{"id":370,"date":"2025-10-21T08:35:36","date_gmt":"2025-10-21T05:35:36","guid":{"rendered":"https:\/\/www.outiturtiainen.fi\/?page_id=370"},"modified":"2025-10-25T08:30:17","modified_gmt":"2025-10-25T05:30:17","slug":"2024-2025","status":"publish","type":"page","link":"https:\/\/www.outiturtiainen.fi\/?page_id=370","title":{"rendered":"2024 &#8211; 2025"},"content":{"rendered":"\n<p>Maalauksiani eri vuosilta.<br>Klikkaa kuvaa suuremmaksi.<\/p>\n\n\n\n<div class=\"wp-block-columns\">\n<div class=\"wp-block-column\" style=\"flex-basis:100%\">\n<figure class=\"wp-block-gallery has-nested-images columns-4 is-cropped\">\n<figure class=\"wp-block-image size-large\"><a href=\"https:\/\/www.outiturtiainen.fi\/wp-content\/uploads\/2025\/10\/OT_Kukkatarha25_60x73-copy.jpg\"><img loading=\"lazy\" width=\"956\" height=\"800\" src=\"http:\/\/www.outiturtiainen.fi\/wp-content\/uploads\/2025\/10\/OT_Kukkatarha25_60x73-copy.jpg\" alt=\"\" class=\"wp-image-371\" srcset=\"https:\/\/www.outiturtiainen.fi\/wp-content\/uploads\/2025\/10\/OT_Kukkatarha25_60x73-copy.jpg 956w, https:\/\/www.outiturtiainen.fi\/wp-content\/uploads\/2025\/10\/OT_Kukkatarha25_60x73-copy-300x251.jpg 300w, https:\/\/www.outiturtiainen.fi\/wp-content\/uploads\/2025\/10\/OT_Kukkatarha25_60x73-copy-768x643.jpg 768w\" sizes=\"(max-width: 956px) 100vw, 956px\" \/><\/a><figcaption>Kukkatarha, 2025, akryyli kankaalle, 60&#215;73 cm<\/figcaption><\/figure>\n\n\n\n<figure class=\"wp-block-image size-large\"><a href=\"https:\/\/www.outiturtiainen.fi\/wp-content\/uploads\/2025\/10\/OT_iltaruskon_aikaan100x81-copy.jpg\"><img loading=\"lazy\" width=\"635\" height=\"800\" src=\"http:\/\/www.outiturtiainen.fi\/wp-content\/uploads\/2025\/10\/OT_iltaruskon_aikaan100x81-copy.jpg\" alt=\"\" class=\"wp-image-372\" srcset=\"https:\/\/www.outiturtiainen.fi\/wp-content\/uploads\/2025\/10\/OT_iltaruskon_aikaan100x81-copy.jpg 635w, https:\/\/www.outiturtiainen.fi\/wp-content\/uploads\/2025\/10\/OT_iltaruskon_aikaan100x81-copy-238x300.jpg 238w\" sizes=\"(max-width: 635px) 100vw, 635px\" \/><\/a><figcaption>Iltaruskon aikaan, 2025, akryyli kankaalle, 100&#215;81 cm<\/figcaption><\/figure>\n\n\n\n<figure class=\"wp-block-image size-large\"><a href=\"https:\/\/www.outiturtiainen.fi\/wp-content\/uploads\/2025\/10\/OT_Metsalainen2025_81x100-copy.jpg\"><img loading=\"lazy\" width=\"989\" height=\"800\" src=\"http:\/\/www.outiturtiainen.fi\/wp-content\/uploads\/2025\/10\/OT_Metsalainen2025_81x100-copy.jpg\" alt=\"\" class=\"wp-image-373\" srcset=\"https:\/\/www.outiturtiainen.fi\/wp-content\/uploads\/2025\/10\/OT_Metsalainen2025_81x100-copy.jpg 989w, https:\/\/www.outiturtiainen.fi\/wp-content\/uploads\/2025\/10\/OT_Metsalainen2025_81x100-copy-300x243.jpg 300w, https:\/\/www.outiturtiainen.fi\/wp-content\/uploads\/2025\/10\/OT_Metsalainen2025_81x100-copy-768x621.jpg 768w\" sizes=\"(max-width: 989px) 100vw, 989px\" \/><\/a><figcaption>Mets\u00e4l\u00e4inen, 2025, akryyli kankaalle, 81&#215;100<\/figcaption><\/figure>\n\n\n\n<figure class=\"wp-block-image size-large\"><a href=\"https:\/\/www.outiturtiainen.fi\/wp-content\/uploads\/2025\/05\/KuunTytar100x80-copy.jpg\"><img loading=\"lazy\" width=\"485\" height=\"600\" src=\"http:\/\/www.outiturtiainen.fi\/wp-content\/uploads\/2025\/05\/KuunTytar100x80-copy.jpg\" alt=\"\" class=\"wp-image-341\" srcset=\"https:\/\/www.outiturtiainen.fi\/wp-content\/uploads\/2025\/05\/KuunTytar100x80-copy.jpg 485w, https:\/\/www.outiturtiainen.fi\/wp-content\/uploads\/2025\/05\/KuunTytar100x80-copy-243x300.jpg 243w\" sizes=\"(max-width: 485px) 100vw, 485px\" \/><\/a><figcaption>Kuun tyt\u00e4r 2024, akryyli, 100&#215;80<\/figcaption><\/figure>\n\n\n\n<figure class=\"wp-block-image size-large\"><a href=\"https:\/\/www.outiturtiainen.fi\/wp-content\/uploads\/2024\/06\/OT_MaaginenTanssi3-copy.jpg\"><img loading=\"lazy\" width=\"370\" height=\"600\" src=\"http:\/\/www.outiturtiainen.fi\/wp-content\/uploads\/2024\/06\/OT_MaaginenTanssi3-copy.jpg\" alt=\"\" class=\"wp-image-299\" srcset=\"https:\/\/www.outiturtiainen.fi\/wp-content\/uploads\/2024\/06\/OT_MaaginenTanssi3-copy.jpg 370w, https:\/\/www.outiturtiainen.fi\/wp-content\/uploads\/2024\/06\/OT_MaaginenTanssi3-copy-185x300.jpg 185w\" sizes=\"(max-width: 370px) 100vw, 370px\" \/><\/a><figcaption>Maaginen tanssi 3, 2024,  akryylimaalaus pellille, 76&#215;50<\/figcaption><\/figure>\n\n\n\n<figure class=\"wp-block-image size-large\"><a href=\"https:\/\/www.outiturtiainen.fi\/wp-content\/uploads\/2024\/06\/OT_MaaginenTanssi4-copy.jpg\"><img loading=\"lazy\" width=\"406\" height=\"600\" src=\"http:\/\/www.outiturtiainen.fi\/wp-content\/uploads\/2024\/06\/OT_MaaginenTanssi4-copy.jpg\" alt=\"\" class=\"wp-image-300\" srcset=\"https:\/\/www.outiturtiainen.fi\/wp-content\/uploads\/2024\/06\/OT_MaaginenTanssi4-copy.jpg 406w, https:\/\/www.outiturtiainen.fi\/wp-content\/uploads\/2024\/06\/OT_MaaginenTanssi4-copy-203x300.jpg 203w\" sizes=\"(max-width: 406px) 100vw, 406px\" \/><\/a><figcaption>Maaginen tanssi 2, 2024,  akryylimaalaus pellille, 76&#215;50<\/figcaption><\/figure>\n\n\n\n<figure class=\"wp-block-image size-large\"><a href=\"https:\/\/www.outiturtiainen.fi\/wp-content\/uploads\/2024\/06\/OT_MaaginenTanssi2-copy.jpg\"><img loading=\"lazy\" width=\"387\" height=\"600\" src=\"http:\/\/www.outiturtiainen.fi\/wp-content\/uploads\/2024\/06\/OT_MaaginenTanssi2-copy.jpg\" alt=\"\" class=\"wp-image-298\" srcset=\"https:\/\/www.outiturtiainen.fi\/wp-content\/uploads\/2024\/06\/OT_MaaginenTanssi2-copy.jpg 387w, https:\/\/www.outiturtiainen.fi\/wp-content\/uploads\/2024\/06\/OT_MaaginenTanssi2-copy-194x300.jpg 194w\" sizes=\"(max-width: 387px) 100vw, 387px\" \/><\/a><figcaption>Maaginen tanssi 4, 2024,  akryylimaalaus pellille, 76&#215;50<\/figcaption><\/figure>\n\n\n\n<figure class=\"wp-block-image size-large\"><a href=\"https:\/\/www.outiturtiainen.fi\/wp-content\/uploads\/2024\/06\/OT_MaaginenTanssi1-copy.jpg\"><img loading=\"lazy\" width=\"430\" height=\"600\" src=\"http:\/\/www.outiturtiainen.fi\/wp-content\/uploads\/2024\/06\/OT_MaaginenTanssi1-copy.jpg\" alt=\"\" class=\"wp-image-297\" srcset=\"https:\/\/www.outiturtiainen.fi\/wp-content\/uploads\/2024\/06\/OT_MaaginenTanssi1-copy.jpg 430w, https:\/\/www.outiturtiainen.fi\/wp-content\/uploads\/2024\/06\/OT_MaaginenTanssi1-copy-215x300.jpg 215w\" sizes=\"(max-width: 430px) 100vw, 430px\" \/><\/a><figcaption>Maaginen tanssi 1, 2024,  akryylimaalaus pellille,  76x50cm<\/figcaption><\/figure>\n\n\n\n<figure class=\"wp-block-image size-large\"><a href=\"https:\/\/www.outiturtiainen.fi\/wp-content\/uploads\/2024\/06\/OT_YossaKulkija-copy.jpg\"><img loading=\"lazy\" width=\"873\" height=\"600\" src=\"http:\/\/www.outiturtiainen.fi\/wp-content\/uploads\/2024\/06\/OT_YossaKulkija-copy.jpg\" alt=\"\" class=\"wp-image-302\" srcset=\"https:\/\/www.outiturtiainen.fi\/wp-content\/uploads\/2024\/06\/OT_YossaKulkija-copy.jpg 873w, https:\/\/www.outiturtiainen.fi\/wp-content\/uploads\/2024\/06\/OT_YossaKulkija-copy-300x206.jpg 300w, https:\/\/www.outiturtiainen.fi\/wp-content\/uploads\/2024\/06\/OT_YossaKulkija-copy-768x528.jpg 768w\" sizes=\"(max-width: 873px) 100vw, 873px\" \/><\/a><figcaption>Y\u00f6ss\u00e4 kulkija, 2024, akryylimaalaus pellille <\/figcaption><\/figure>\n\n\n\n<figure class=\"wp-block-image size-large\"><a href=\"https:\/\/www.outiturtiainen.fi\/wp-content\/uploads\/2024\/06\/OT_HiidenHirvenJaljilla-copy.jpg\"><img loading=\"lazy\" width=\"409\" height=\"600\" src=\"http:\/\/www.outiturtiainen.fi\/wp-content\/uploads\/2024\/06\/OT_HiidenHirvenJaljilla-copy.jpg\" alt=\"\" class=\"wp-image-293\" srcset=\"https:\/\/www.outiturtiainen.fi\/wp-content\/uploads\/2024\/06\/OT_HiidenHirvenJaljilla-copy.jpg 409w, https:\/\/www.outiturtiainen.fi\/wp-content\/uploads\/2024\/06\/OT_HiidenHirvenJaljilla-copy-205x300.jpg 205w\" sizes=\"(max-width: 409px) 100vw, 409px\" \/><\/a><figcaption>Hiiden hirven j\u00e4ljill\u00e4, 2024 akryylimaalaus pellille, 51 x 75<\/figcaption><\/figure>\n\n\n\n<figure class=\"wp-block-image size-large\"><a href=\"https:\/\/www.outiturtiainen.fi\/wp-content\/uploads\/2025\/01\/Metsaomenapuita24_100x80_pieni.jpg\"><img loading=\"lazy\" width=\"484\" height=\"600\" src=\"http:\/\/www.outiturtiainen.fi\/wp-content\/uploads\/2025\/01\/Metsaomenapuita24_100x80_pieni.jpg\" alt=\"\" class=\"wp-image-319\" srcset=\"https:\/\/www.outiturtiainen.fi\/wp-content\/uploads\/2025\/01\/Metsaomenapuita24_100x80_pieni.jpg 484w, https:\/\/www.outiturtiainen.fi\/wp-content\/uploads\/2025\/01\/Metsaomenapuita24_100x80_pieni-242x300.jpg 242w\" sizes=\"(max-width: 484px) 100vw, 484px\" \/><\/a><figcaption>Mets\u00e4omenapuita, akryyli, 2024, 100&#215;80<\/figcaption><\/figure>\n\n\n\n<figure class=\"wp-block-image size-large\"><a href=\"https:\/\/www.outiturtiainen.fi\/wp-content\/uploads\/2024\/03\/OT_SininenPutous24_100x80.jpg\"><img loading=\"lazy\" width=\"486\" height=\"600\" src=\"http:\/\/www.outiturtiainen.fi\/wp-content\/uploads\/2024\/03\/OT_SininenPutous24_100x80.jpg\" alt=\"\" class=\"wp-image-281\" srcset=\"https:\/\/www.outiturtiainen.fi\/wp-content\/uploads\/2024\/03\/OT_SininenPutous24_100x80.jpg 486w, https:\/\/www.outiturtiainen.fi\/wp-content\/uploads\/2024\/03\/OT_SininenPutous24_100x80-243x300.jpg 243w\" sizes=\"(max-width: 486px) 100vw, 486px\" \/><\/a><figcaption>SininenPutous 2024, akryyli,100&#215;80<\/figcaption><\/figure>\n\n\n\n<figure class=\"wp-block-image size-large\"><a href=\"https:\/\/www.outiturtiainen.fi\/wp-content\/uploads\/2024\/06\/OT_Sinivuokot-copy.jpg\"><img loading=\"lazy\" width=\"728\" height=\"600\" src=\"http:\/\/www.outiturtiainen.fi\/wp-content\/uploads\/2024\/06\/OT_Sinivuokot-copy.jpg\" alt=\"\" class=\"wp-image-301\" srcset=\"https:\/\/www.outiturtiainen.fi\/wp-content\/uploads\/2024\/06\/OT_Sinivuokot-copy.jpg 728w, https:\/\/www.outiturtiainen.fi\/wp-content\/uploads\/2024\/06\/OT_Sinivuokot-copy-300x247.jpg 300w\" sizes=\"(max-width: 728px) 100vw, 728px\" \/><\/a><figcaption>Sinivuokkoja, 2024, akryyli kankaalle<\/figcaption><\/figure>\n\n\n\n<figure class=\"wp-block-image size-large\"><a href=\"https:\/\/www.outiturtiainen.fi\/wp-content\/uploads\/2024\/06\/OT_Lumpeenkukka24-copy.jpg\"><img loading=\"lazy\" width=\"594\" height=\"600\" src=\"http:\/\/www.outiturtiainen.fi\/wp-content\/uploads\/2024\/06\/OT_Lumpeenkukka24-copy.jpg\" alt=\"\" class=\"wp-image-296\" srcset=\"https:\/\/www.outiturtiainen.fi\/wp-content\/uploads\/2024\/06\/OT_Lumpeenkukka24-copy.jpg 594w, https:\/\/www.outiturtiainen.fi\/wp-content\/uploads\/2024\/06\/OT_Lumpeenkukka24-copy-297x300.jpg 297w, https:\/\/www.outiturtiainen.fi\/wp-content\/uploads\/2024\/06\/OT_Lumpeenkukka24-copy-90x90.jpg 90w\" sizes=\"(max-width: 594px) 100vw, 594px\" \/><\/a><figcaption>Lumpeen kukka, 2024,  akryyli kankaalle<\/figcaption><\/figure>\n\n\n\n<figure class=\"wp-block-image size-large\"><a href=\"https:\/\/www.outiturtiainen.fi\/wp-content\/uploads\/2024\/06\/OT_IllanHamaraa24-copy.jpg\"><img loading=\"lazy\" width=\"761\" height=\"600\" src=\"http:\/\/www.outiturtiainen.fi\/wp-content\/uploads\/2024\/06\/OT_IllanHamaraa24-copy.jpg\" alt=\"\" class=\"wp-image-294\" srcset=\"https:\/\/www.outiturtiainen.fi\/wp-content\/uploads\/2024\/06\/OT_IllanHamaraa24-copy.jpg 761w, https:\/\/www.outiturtiainen.fi\/wp-content\/uploads\/2024\/06\/OT_IllanHamaraa24-copy-300x237.jpg 300w\" sizes=\"(max-width: 761px) 100vw, 761px\" \/><\/a><figcaption>Illan h\u00e4m\u00e4r\u00e4\u00e4 2024, akryyli kankaalle<\/figcaption><\/figure>\n\n\n\n<figure class=\"wp-block-image size-large\"><a href=\"https:\/\/www.outiturtiainen.fi\/wp-content\/uploads\/2025\/05\/OT_Hiljaisuus2024_60x80pieni.jpg\"><img loading=\"lazy\" width=\"801\" height=\"600\" src=\"http:\/\/www.outiturtiainen.fi\/wp-content\/uploads\/2025\/05\/OT_Hiljaisuus2024_60x80pieni.jpg\" alt=\"\" class=\"wp-image-342\" srcset=\"https:\/\/www.outiturtiainen.fi\/wp-content\/uploads\/2025\/05\/OT_Hiljaisuus2024_60x80pieni.jpg 801w, https:\/\/www.outiturtiainen.fi\/wp-content\/uploads\/2025\/05\/OT_Hiljaisuus2024_60x80pieni-300x225.jpg 300w, https:\/\/www.outiturtiainen.fi\/wp-content\/uploads\/2025\/05\/OT_Hiljaisuus2024_60x80pieni-768x575.jpg 768w\" sizes=\"(max-width: 801px) 100vw, 801px\" \/><\/a><figcaption>Hiljaisuus 2024, akryyli, 60&#215;80<\/figcaption><\/figure>\n\n\n\n<figure class=\"wp-block-image size-large\"><a href=\"https:\/\/www.outiturtiainen.fi\/wp-content\/uploads\/2024\/03\/OT_Pisaratanssi24_80x100.jpg\"><img loading=\"lazy\" width=\"747\" height=\"600\" src=\"http:\/\/www.outiturtiainen.fi\/wp-content\/uploads\/2024\/03\/OT_Pisaratanssi24_80x100.jpg\" alt=\"\" class=\"wp-image-280\" srcset=\"https:\/\/www.outiturtiainen.fi\/wp-content\/uploads\/2024\/03\/OT_Pisaratanssi24_80x100.jpg 747w, https:\/\/www.outiturtiainen.fi\/wp-content\/uploads\/2024\/03\/OT_Pisaratanssi24_80x100-300x241.jpg 300w\" sizes=\"(max-width: 747px) 100vw, 747px\" \/><\/a><figcaption>Pisaratanssi 2024, akryyli, 80&#215;100<\/figcaption><\/figure>\n\n\n\n<figure class=\"wp-block-image size-large\"><a href=\"https:\/\/www.outiturtiainen.fi\/wp-content\/uploads\/2024\/03\/OT_OisiaNakyja2_30x42.jpg\"><img loading=\"lazy\" width=\"863\" height=\"600\" src=\"http:\/\/www.outiturtiainen.fi\/wp-content\/uploads\/2024\/03\/OT_OisiaNakyja2_30x42.jpg\" alt=\"\" class=\"wp-image-278\" srcset=\"https:\/\/www.outiturtiainen.fi\/wp-content\/uploads\/2024\/03\/OT_OisiaNakyja2_30x42.jpg 863w, https:\/\/www.outiturtiainen.fi\/wp-content\/uploads\/2024\/03\/OT_OisiaNakyja2_30x42-300x209.jpg 300w, https:\/\/www.outiturtiainen.fi\/wp-content\/uploads\/2024\/03\/OT_OisiaNakyja2_30x42-768x534.jpg 768w\" sizes=\"(max-width: 863px) 100vw, 863px\" \/><\/a><figcaption>\u00d6isi\u00e4 n\u00e4kyj\u00e4 2, 2024, 30&#215;42<\/figcaption><\/figure>\n\n\n\n<figure class=\"wp-block-image size-large\"><a href=\"https:\/\/www.outiturtiainen.fi\/wp-content\/uploads\/2024\/03\/OT_OisiaNakyja1_30x42.jpg\"><img loading=\"lazy\" width=\"836\" height=\"600\" src=\"http:\/\/www.outiturtiainen.fi\/wp-content\/uploads\/2024\/03\/OT_OisiaNakyja1_30x42.jpg\" alt=\"\" class=\"wp-image-277\" srcset=\"https:\/\/www.outiturtiainen.fi\/wp-content\/uploads\/2024\/03\/OT_OisiaNakyja1_30x42.jpg 836w, https:\/\/www.outiturtiainen.fi\/wp-content\/uploads\/2024\/03\/OT_OisiaNakyja1_30x42-300x215.jpg 300w, https:\/\/www.outiturtiainen.fi\/wp-content\/uploads\/2024\/03\/OT_OisiaNakyja1_30x42-768x551.jpg 768w\" sizes=\"(max-width: 836px) 100vw, 836px\" \/><\/a><figcaption>\u00d6isi\u00e4 n\u00e4kyj\u00e4 1, 2024 30&#215;42<\/figcaption><\/figure>\n<\/figure>\n<\/div>\n<\/div>\n","protected":false},"excerpt":{"rendered":"<p>Maalauksiani eri vuosilta.Klikkaa kuvaa suuremmaksi.<\/p>\n","protected":false},"author":1,"featured_media":0,"parent":0,"menu_order":29,"comment_status":"closed","ping_status":"closed","template":"","meta":[],"_links":{"self":[{"href":"https:\/\/www.outiturtiainen.fi\/index.php?rest_route=\/wp\/v2\/pages\/370"}],"collection":[{"href":"https:\/\/www.outiturtiainen.fi\/index.php?rest_route=\/wp\/v2\/pages"}],"about":[{"href":"https:\/\/www.outiturtiainen.fi\/index.php?rest_route=\/wp\/v2\/types\/page"}],"author":[{"embeddable":true,"href":"https:\/\/www.outiturtiainen.fi\/index.php?rest_route=\/wp\/v2\/users\/1"}],"replies":[{"embeddable":true,"href":"https:\/\/www.outiturtiainen.fi\/index.php?rest_route=%2Fwp%2Fv2%2Fcomments&post=370"}],"version-history":[{"count":3,"href":"https:\/\/www.outiturtiainen.fi\/index.php?rest_route=\/wp\/v2\/pages\/370\/revisions"}],"predecessor-version":[{"id":380,"href":"https:\/\/www.outiturtiainen.fi\/index.php?rest_route=\/wp\/v2\/pages\/370\/revisions\/380"}],"wp:attachment":[{"href":"https:\/\/www.outiturtiainen.fi\/index.php?rest_route=%2Fwp%2Fv2%2Fmedia&parent=370"}],"curies":[{"name":"wp","href":"https:\/\/api.w.org\/{rel}","templated":true}]}}